/24 - 15*q**3 + 69. Let w(y) be the third derivative of o(y). Determine w(-6).
-5
Let u(f) = 4*f**2 - 1. Let y be ((-4)/12)/(5/(-45) + 0). Suppose v = y*x - 13, -4*v + 3*v - x = -3. Determine u(v).
3
Suppose -12*s + 6 = -13*s, n + s = 13. Let b(m) = -m**2 + 16*m + 34. Determine b(n).
-23
Let z(o) be the third derivative of -o**6/12 + o**5/60 - o**4/24 + o**3/6 + 9*o**2 - 29. Calculate z(1).
-9
Let i(o) = o + 6. Let q be 2/3*1*(-105)/(-14). Let j(u) = -7 + 2 + 1 + q. Let s(y) = -i(y) - 4*j(y). Give s(0).
-10
Let r be (2*2/14)/(13/273). Let j(k) = 2*k**3 - 14*k**2 + 14*k - 3. What is j(r)?
9
Let i(z) = -z**2 - z - 19. Let v be 0 + 18 + -4 + 4. Suppose x = 5*f + v, 4*x - 2*f = 3*x + 9. Suppose -a + 15 = -x*p, a - p = -5*p - 20. Calculate i(a).
-19
Let v(n) = -n - 49. Let t(a) = -4*a - 197. Let i(h) = 2*t(h) - 9*v(h). Let q be i(-14). Let u = -36 + q. Let p(k) = -3*k**2 - 5*k - 2. Calculate p(u).
-14
Let y(p) = 2*p + 108 - 4*p - 21 - 80. Let f be -6*(-1 + -1 + 1). What is y(f)?
-5
Let s(g) = 2*g**2 + 11*g - 9. Let q(j) = j**2 + 6*j - 4. Suppose -7*y - 28 = -21*y. Let l(o) = y*s(o) - 5*q(o). Give l(-6).
14
Let k(d) = 64*d + 196. Let v be k(-3). Let u(n) = 3 + 13 - 20 - 2*n + v. Suppose -5*p + 9 + 21 = 0. Calculate u(p).
-12
Let c(h) = -4*h + 1. Let p(o) = o**2 - 2*o + 1. Let n(v) = -7*v**2 + 6*v + 38. Let m(q) = n(q) + 6*p(q). Let l be m(-10). Give c(l).
-15
Let g(c) = 6*c - 30. Let f(d) = -2*d**3 - 3*d**2 - 3*d - 5. Let p be f(-2). Let n be g(p). Let s(l) = -5*l + 5 + n*l**2 + 0*l**2 - 4 + l**2. Determine s(5).
1
Suppose -u = -208 + 208. Suppose u*l + 18*l = 54. Let q(f) = -f**3 + f**2 - 2*f. Give q(l).
-24
Suppose 2420*g = 2382*g - 114. Let u(h) = h**3 - 2*h**2 - 14*h + 4. Determine u(g).
1
Let f(k) = -k**3 - 3*k**2 + 5*k + 6. Let a be f(-4). Let t(i) = 1 + i**2 - a*i + 7 - 4*i + 1. Let d(b) = 3*b**3 - 32*b**2 - 10*b - 5. Let u be d(11). Give t(u).
9
Suppose -3*x = -118*r + 117*r - 8, -2*x - 13 = 3*r. Let d(u) = -7*u + 21. What is d(r)?
56
Let t(w) = 5*w**2 + w + 1. Let d(q) = -35*q**2 - 4*q - 4. Let y(m) = d(m) + 6*t(m). Suppose 3*j + 21 = 6*j. Let n = j - 5. Give y(n).
-14
Let k(t) = 2*t - 2. Let m(j) be the second derivative of 23*j**3/3 + 22*j - 4. Let y be m(0). What is k(y)?
-2
Let q(k) = 2*k + 20. Let b be q(-9). Suppose -3*s + 20 = -0*s + b*x, 2*x - 24 = -4*s. Let v(h) = -16*h + 2 + 3 + 10*h. Determine v(s).
-19
Let h = -10660 + 10662. Let a(f) = -f**3 - 4*f**2 - f + 3. Let n(l) = -l**3 - l + 1. Let z(v) = -a(v) + 3*n(v). Calculate z(h).
-4
Suppose 13 = 7*s + 41. Let b(v) be the first derivative of v**4/4 + 4*v**3/3 + 5*v**2/2 + 3*v - 47. Calculate b(s).
-17
Let m(g) = g**3 - 20*g**2 - 70*g + 26. Let l be m(23). Let a(x) = 26 - 12 + 8 + l*x + 2*x - 3*x. Calculate a(-10).
2
Let c(x) = x**3 + 17*x**2 + 52*x + 8. Let n be c(-13). Suppose 5*o = -4*u + n + 46, o + 3*u - 2 = 0. Let p(d) = d**3 - 15*d**2 + 15*d - 18. Calculate p(o).
-4
Let x = -40 - -43. Suppose 4*u + 15 + 7 = 2*c, -x*u + 5*c - 13 = 0. Let f(g) = -2*g + 5. What is f(u)?
17
Let o(v) = 8*v - 1. Let w = -141 - -157. Suppose -3 = -w*u + 13*u. Calculate o(u).
7
Let z(n) = -2*n**2 - 2106 - 36*n - 2098 - 3*n**2 + 4*n**2 + 4242. What is z(-37)?
1
Suppose t = 11 - 7. Suppose l - 16 = -5*n, 3*n - 11 = t*l + 17. Let w(f) = 2*f + f + 4 - 3*f - n*f. What is w(-3)?
16
Let g(x) = 15*x - 2. Let i be 5 - 222*6/(-4). Let n = i + -340. Calculate g(n).
-32
Let t = 9 - 9. Let y be (9*(-102)/9)/((-2)/1). Let q(c) = c + 49 + 10*c**2 - y - 9*c**2. Calculate q(t).
-2
Let v(w) = w**3 + 8*w**2 - 9*w - 11. Suppose -14*j + 17*j + 63 = -4*j. What is v(j)?
-11
Let h(i) = 2*i**2 + 10*i - 8. Let n be h(-6). Suppose 0 = -n*k, -2*l = 3*l - 4*k - 70. Let g(b) = 7 - l - 11*b + 8. Calculate g(1).
-10
Let v(i) = -35*i**2 + 2*i + 6. Let j(h) = -23*h**2 + h + 4. Let p(k) = 8*j(k) - 5*v(k). Let y(t) = -t**2 - 499*t - 1487. Let m be y(-496). Determine p(m).
-9
Let m(a) = 6*a. Let v(o) = 4*o + 12. Let n be v(0). Let z be (-4 - 5) + (n - 4). What is m(z)?
-6
Suppose -q + 4*q = 30. Let m(r) = 74*r**3 + 4*r**2 + 10*r - 16. Let o(x) = -89*x**3 - 3*x**2 - 10*x + 17. Let p(w) = 6*m(w) + 5*o(w). What is p(q)?
-11
Suppose 95*j + 51 - 206 = -60*j. Let l(v) = 21*v**3 + v**2 + v - 1. Determine l(j).
22
Let w(g) = 2*g + 4. Let d(s) = s**3 + s**2 - 4*s - 4. Let f be d(-5). Let z be -1 + (-27)/(-21) - 4176/f. Suppose -9*m - m + z = 0. Give w(m).
14
Let k(f) = f - 8. Let c(v) = 15*v + 463. Let j(y) = c(y) + 4*k(y). What is j(-23)?
-6
Let p(c) be the third derivative of -1/60*c**5 + 1/6*c**4 + 47 - 2*c**2 - 1/6*c**3 + 0*c. Calculate p(4).
-1
Let y(r) = -r**2 - 4*r**2 + 8*r + r**2 + 5*r**2 + 6 + 0*r**2. Suppose q + 7 = 10. Suppose -19 = q*m + l + 5, -4*m = 2*l + 32. Give y(m).
6
Let h(l) = -3*l - 14. Let g be h(-6). Suppose y - 3 = -g*r, -3 + 7 = -4*y. Let s(u) = 2 + r - 6*u + 3 - u**2. Determine s(-6).
6
Let d(b) be the second derivative of b**3/6 + 7*b**2/2 - 29*b - 355. Let k = -3 + -9. Give d(k).
-5
Let q be (21 + (-35 - -13))/(-120*(0 + 1)). Let w(y) be the third derivative of q*y**6 - 1/24*y**4 + 0 + 0*y - 1/10*y**5 + 4/3*y**3 + 27*y**2. Give w(6).
2
Let u(d) be the first derivative of 0*d**2 + 7*d**3 + 21 + 0*d - 1/120*d**5 - 1/3*d**4. Let c(o) be the third derivative of u(o). What is c(0)?
-8
Let m(q) = -13*q**2 - 10*q + 15. Let z(t) = -49*t**2 - 38*t + 60. Let f(r) = -15*m(r) + 4*z(r). What is f(-4)?
7
Suppose 22*b + 125 - 125 = 0. Let v(y) = y**2 + 2. What is v(b)?
2
Let n(u) = 11*u + 12. Let b = 4379 + -4380. Determine n(b).
1
Let s(o) = -o**3 + 14*o**2 - 19*o**2 - 549 + 2*o + 547. Give s(-3).
-26
Let s(k) be the third derivative of -k**5/60 - 5*k**4/24 - 17*k**3/6 + k**2 - 252*k. Calculate s(-9).
-53
Let g(o) = -4*o. Let u be (18/8)/(3 + 108/(-32)). Let a = u - 27. Let n = 32 + a. What is g(n)?
4
Let g(c) = -c**3 - 3*c**2 + 7*c + 4. Let l be 16/2*(-10 + (-133)/(-14)). Give g(l).
-8
Suppose 0 = 4*p + 33 - 213. Let v be ((-22)/6)/(4 - 185/p). Suppose -v + 3 = -15*s. Let k(l) = 5*l. Calculate k(s).
10
Let h(d) be the second derivative of -d**3/3 - 3*d**2/2 - 7*d. Let p = -26 + 8. Let k = 22 + p. Calculate h(k).
-11
Suppose -93*o + 505 - 133 = 0. Let p(d) = -5*d**3 + 3*d**2 - 5*d. Let n(w) = -w**3 + w**2. Let t(v) = 6*n(v) - p(v). What is t(o)?
4
Let b = 13 + -50. Let o = b + 33. Let t(f) = -3*f**2 + 4. Let x(n) = 5*n**2 - n - 7. Let p(s) = o*x(s) - 7*t(s). What is p(-6)?
12
Let t(v) = v**3 + 137 - 3*v + 12*v - 73 - 65 - 7*v**2. Suppose -5*y + 35 - 5 = 0. Give t(y).
17
Let k(c) = c**3 + 6*c**2 + 8*c + 7. Let p(u) = -u**2 + 252*u - 2394. Let q be p(10). Let a(x) = -6*x - 1. Let i be a(5). Let s = q + i. Determine k(s).
-8
Let b(t) = t - 4. Suppose 0 = -3*f + 5*h - 23, -3 = 3*f - 4*h + 22. Let c(m) = m + 13. Let o be c(f). Determine b(o).
-2
Let w(f) = f**3 - 23*f**2 - f + 26. Let i = -1360 - -1383. What is w(i)?
3
Let r(n) = 5*n**2 + 20*n - 13. Let v(x) = -x**2 + 2*x**2 - 4*x**2 - 2*x + 2*x**2. Let u(s) = r(s) + 6*v(s). Determine u(8).
-13
Let g = -12229 - -12224. Let o(w) = -w**3 - 3*w**2 + 5*w - 24. What is o(g)?
1
Let i(l) = 5*l**3 - 2*l**2 + 1. Suppose 0 = -4*s + 8, -2*q + 2*s = 5*s - 14. Suppose q = f + 1, 0 = 5*c - 5*f + 25. Let h be (10 - 8)*1/c. What is i(h)?
-6
Suppose 0 = -0*l - l - 2. Let q = l - -51. Let p(s) = -22*s - 26*s + 2 + 6 + q*s. What is p(-6)?
2
Let u(l) be the second derivative of -l**4/12 - 7*l**3/3 + 113*l**2/2 - 1240*l. Determine u(6).
-7
Let b = 19047 - 19054. Let v(a) = 17*a + 146. Calculate v(b).
27
Let l(w) be the second derivative of w**4/12 - 2*w**3 + 7*w**2/2 - 5248*w. Calculate l(11).
-4
Suppose -3*a - l + 19 = 0, 29 = 40*a - 37*a + 2*l. Let n(d) be the second derivative of 0 + 5/6*d**3 + 1/6*d**4 - 1/20*d**5 - d**2 + d. Calculate n(a).
4
Let u(l) be the third derivative of l**4/12 - l**3/6 + 8*l**2. Suppose 0 = 4*n - d + 18 - 46, 4*n = -5*d + 4. Calculate u(n).
11
Let x(v) = -4 + 72*v - 1 + 4*v**2 - 96*v. Give x(6).
-5
Let l(y) = -11*y**2. Let k be (-24)/((-18)/(-45)*(-30)/56). Let t(f) = 111*f**3 - f**2 + 1. Let u be t(-1). Let n = u + k. Determine l(n).
-11
Let d(c) be the third derivative of c**6/15 - c**5/30 + c**4/12 - c**3/6 - 335*c**2. Calculate d(1).
7
Let j(s) = 0*s + 20*s**2 - 10*s**2 - 14*s**2 - s. Suppose -4*w + 2*w + 4 = -4*m, m + 3*w = -1. Calculate j(m).
-3
Let v(t) = t**3 - 5*